of 236171626.
2, 61, 547, 3539
List the prime factors of 13773522.
2, 3, 7, 327941
What are the prime factors of 20155701?
3, 6718567
What are the prime factors of 131224602?
2, 3, 19, 983, 1171
List the prime factors of 76510345.
5, 15302069
List the prime factors of 18947040.
2, 3, 5, 7, 5639
List the prime factors of 214324979.
11, 31, 37, 16987
What are the prime factors of 43969301?
313, 140477
What are the prime factors of 3564592203?
3, 59, 20138939
What are the prime factors of 658887247?
658887247
List the prime factors of 2936725923.
3, 1117, 876373
List the prime factors of 557773004.
2, 139443251
List the prime factors of 508496694.
2, 3, 89, 181, 5261
What are the prime factors of 1535853750?
2, 3, 5, 23, 17807
What are the prime factors of 126208654?
2, 11, 13, 607, 727
List the prime factors of 10388763.
3, 7, 11, 19, 263
List the prime factors of 344386883.
107, 3218569
What are the prime factors of 57953002?
2, 19, 541, 2819
List the prime factors of 4153200016.
2, 7, 5297449
What are the prime factors of 839388836?
2, 11, 13, 347, 4229
What are the prime factors of 346334629?
9059, 38231
List the prime factors of 420317497.
701, 599597
What are the prime factors of 45903225?
3, 5, 612043
List the prime factors of 762707946.
2, 3, 7, 11, 13, 29, 151
What are the prime factors of 18870441?
3, 6290147
What are the prime factors of 83084974?
2, 7, 5934641
What are the prime factors of 5949435684?
2, 3, 83, 5973329
List the prime factors of 501378805.
5, 100275761
List the prime factors of 4616392.
2, 11, 19, 251
List the prime factors of 1893075010.
2, 5, 189307501
List the prime factors of 182390756.
2, 17, 2682217
List the prime factors of 1345738720.
2, 5, 709, 11863
List the prime factors of 4468099079.
4468099079
What are the prime factors of 4006993327?
1741, 2301547
List the prime factors of 16877443.
11, 139483
What are the prime factors of 142449582?
2, 3, 11, 367, 5881
List the prime factors of 322535291.
13, 47, 527881
What are the prime factors of 654795788?
2, 163698947
List the prime factors of 15520081.
67, 231643
List the prime factors of 3660540582.
2, 3, 61, 919, 10883
What are the prime factors of 2805726014?
2, 7, 13, 15416077
List the prime factors of 572439281.
641, 893041
What are the prime factors of 341491548?
2, 3, 83, 342863
List the prime factors of 2728957575.
3, 5, 3499, 10399
List the prime factors of 3334038316.
2, 7, 59, 2018183
List the prime factors of 36555940.
2, 5, 101, 18097
List the prime factors of 332297435.
5, 167, 2383
List the prime factors of 39640302.
2, 3, 13, 83, 157
What are the prime factors of 203918557?
113, 271, 6659
List the prime factors of 180325454.
2, 6553, 13759
List the prime factors of 1573035.
3, 5, 104869
List the prime factors of 275628819.
3, 1151, 79823
List the prime factors of 1014706.
2, 7, 11, 599
List the prime factors of 155819035.
5, 163, 191189
List the prime factors of 60236247.
3, 20078749
What are the prime factors of 1026977654?
2, 71, 107, 257, 263
What are the prime factors of 502471419?
3, 1433, 116881
List the prime factors of 8308410582.
2, 3, 139, 421, 23663
List the prime factors of 847963375.
5, 7, 167, 829
List the prime factors of 197143781.
17, 1279, 9067
What are the prime factors of 2005694?
2, 17, 58991
List the prime factors of 36704793.
3, 12234931
List the prime factors of 703135170.
2, 3, 5, 7812613
List the prime factors of 4117054963.
7, 193, 3047413
List the prime factors of 64247951.
64247951
What are the prime factors of 441087553?
41, 10758233
What are the prime factors of 215279089?
215279089
What are the prime factors of 38862849?
3, 12954283
List the prime factors of 734897424.
2, 3, 73, 131, 1601
List the prime factors of 51144133.
51144133
List the prime factors of 1356109534.
2, 13, 19, 2745161
List the prime factors of 35631989.
31, 71, 16189
What are the prime factors of 686067660?
2, 3, 5, 3811487
What are the prime factors of 28926916?
2, 23, 314423
What are the prime factors of 1095659851?
11, 13, 41, 186877
List the prime factors of 22782607.
22782607
What are the prime factors of 193293320?
2, 5, 11, 439303
List the prime factors of 131407201.
409, 321289
What are the prime factors of 267213763?
267213763
What are the prime factors of 259007900?
2, 5, 2590079
What are the prime factors of 2570515935?
3, 5, 13, 109, 120937
List the prime factors of 164933803.
523, 315361
List the prime factors of 181991200.
2, 5, 227489
What are the prime factors of 101628708?
2, 3, 281, 30139
What are the prime factors of 291212209?
103, 727, 3889
List the prime factors of 234832248.
2, 3, 7, 19, 137, 179
List the prime factors of 232067627.
11, 21097057
What are the prime factors of 853599973?
31, 139, 198097
List the prime factors of 88776126.
2, 3, 31, 159097
What are the prime factors of 826449759?
3, 373, 246187
What are the prime factors of 469301639?
2417, 194167
List the prime factors of 228040001.
7, 71, 463, 991
List the prime factors of 542543576.
2, 17, 109, 36599
What are the prime factors of 113327780?
2, 5, 17, 19, 53, 331
List the prime factors of 2993176906.
2, 431, 3472363
What are the prime factors of 1628897458?
2, 814448729
List the prime factors of 376462385.
5, 13, 1319, 4391
What are the prime factors of 394605391?
394605391
What are the prime factors of 1122354394?
2, 7, 53, 1512607
List the prime factors of 39759430.
2, 5, 17, 233879
What are the prime factors of 3732838?
2, 67, 89, 313
What are the prime factors of 285952555?
5, 7, 331, 24683
What are the prime factors of 2079283478?
2, 47, 4091, 5407
What are the prime factors of 150280231?
863, 174137
What are the prime factors of 369760718?
2, 1051, 175909
What are the prime factors of 168288993?
3, 18698777
List the prime factors of 64776982.
2, 601, 53891
List the prime factors of 9151414.
2, 29, 83, 1901
List the prime factors of 9156917.
7, 11, 19, 569
List the prime factors of 14817003.
3, 79, 101, 619
List the prime factors of 6000967.
7, 857281
What are the prime factors of 215090761?
5399, 39839
What are the prime factors of 877469147?
229, 3831743
What are the prime factors of 45790255?
5, 7, 31, 6029
What are the prime factors of 345053492?
2, 7, 1760477
What are the prime factors of 6574661743?
13, 505743211
List the prime factors of 764302651.
7, 7867, 13879
List the prime factors of 771112718.
2, 385556359
What are the prime factors of 1011380887?
11, 19, 29, 166867
List the prime factors of 466029085.
5, 2969, 31393
List the prime factors of 86323096.
2, 31, 348077
List the prime factors of 91734954.
2, 3, 15289159
List the prime factors of 558863444.
2, 827, 168943
What are the prime factors of 188695648?
2, 17, 346867
List the prime factors of 162521748.
2, 3, 1504831
List the prime factors of 758327963.
23, 32970781
List the prime factors of 63653210.
2, 5, 6365321
List the prime factors of 5988722884.
2, 8093, 184997
What are the prime factors of 24987600?
2, 3, 5, 11, 631
List the prime factors of 519400317.
3, 353, 490463
What are the prime factors of 1809753169?
7, 43, 347, 17327
What are the prime factors of 1067521514?
2, 229, 2330833
List the prime factors of 2125832121.
3, 7, 535609
List the prime factors of 1045541282.
2, 53, 1831, 5387
What are the prime factors of 55247194?
2, 27623597
List the prime factors of 76414314.
2, 3, 19, 35279
List the prime factors of 546903097.
13, 191, 16943
What are the prime factors of 2073438065?
5, 17, 367, 66467
What are the prime factors of 18886994?
2, 7, 71, 19001
What are the prime factors of 3086117216?
2, 7, 13, 101, 1499
List the prime factors of 67212944.
2, 4200809
List the prime factors of 324948991.
23, 14128217
List the prime factors of 1687601227.
13, 239, 543161
What are the prime factors of 80985125?
5, 13, 19, 43, 61
List the prime factors of 6205870014.
2, 3, 61, 73, 359, 647
List the prime factors of 10201351.
23, 71, 6247
List the prime factors of 72067529.
31, 457, 5087
List the prime factors of 158114385.
3, 5, 11, 13, 24571
List the prime factors of 241274451.
3, 11, 7311347
List the prime factors of 1587133855.
5, 17, 67, 278689
List the prime factors of 20256476.
2, 5064119
What are the prime factors of 1201210147?
4507, 266521
List the prime factors of 165265410